42. What is the tens digit of h(x)?
8
Let m(h) = 16*h**2 - 26*h + 741. What is the units digit of m(31)?
1
What is the ten thousands digit of (-126014)/(-6)*1908/1113?
3
Let n(q) = q**2 - 8*q - 5. Let w be n(9). Suppose -d + x = -472 + 138, -w*d + 5*x + 1338 = 0. Suppose -4*f + d = 52. What is the tens digit of f?
7
Suppose 0 = c - 6*r + 10*r - 555, 3*c = 5*r + 1614. Suppose 3*j = -5*p + 2188 - c, -5*j = 5*p - 1645. What is the tens digit of p?
2
Let w(s) = -420*s - 17. Let z be w(-2). Suppose -t - 4*u + u = -818, -z = -t + 2*u. What is the tens digit of t?
2
Let s(k) = 8*k**2 + 4*k + 8. Suppose 21 = 5*c - m - 9, -c + 6 = -3*m. Let z be s(c). Suppose 0*o - o + 95 = 4*a, 4*o = 4*a + z. What is the units digit of o?
3
Suppose 0 = -8*r + 4*r - 4*u + 48344, 2*u = -r + 12087. What is the thousands digit of r?
2
Suppose 8*c = 50*c + 45*c - 3626073. What is the hundreds digit of c?
6
Let d = 8063 + -5609. Suppose -6*r + x = -r - d, 0 = -4*r - 2*x + 1952. What is the tens digit of r?
9
Let z = -950 + 1813. What is the tens digit of z?
6
Let p(x) = -1263*x**3 + x**2 - 27*x - 27. What is the hundreds digit of p(-1)?
2
Let o be (-4)/34 + (2 - 192/102). Suppose o = 193*d - 192*d - 7. Suppose d*a = 4*t + 8*a - 344, -2*t + 158 = 4*a. What is the tens digit of t?
8
Suppose 41470 = 48*o - 36770. What is the units digit of o?
0
Let j = -80 - -66. Let f(z) = -z**3 - 13*z**2 + 6*z - 22. Let v be f(j). Suppose -4*u + 19 = -n + v, 2*n - 202 = -4*u. What is the tens digit of n?
9
Suppose 3*h - z - 20134 = 20422, 13522 = h + 3*z. What is the tens digit of h?
1
Suppose x = -4*m + 1315, -5*x - m = -2232 - 4248. Let c = x + -449. What is the hundreds digit of c?
8
What is the hundreds digit of 49317128/868 + 1/31?
8
Suppose 0 = p + 3*p - 16. Suppose p*a + 3*z + 211 - 30 = 0, 43 = -a - 3*z. Let o = 124 + a. What is the tens digit of o?
7
Let y = -7865 - -13989. What is the tens digit of y?
2
Let t(l) = -10*l + 12. Let c be t(1). Suppose 0 = -5*b - 3*q + 1373, c*b + 0*b - 551 = -3*q. What is the units digit of b?
4
Suppose 0 = -2*r - 4*u + 2040 - 216, -4*r = 5*u - 3651. What is the tens digit of r?
1
Let n(d) = -d**3 + 102*d**2 - 7*d - 55. What is the thousands digit of n(25)?
7
What is the thousands digit of (24/(-12) - 7/(-2))/((-105)/(-371560))?
5
What is the tens digit of 3804 - (9 - (-40)/(-2))?
1
Let f(j) = j + 2*j + 102 + j - 3*j. What is the units digit of f(8)?
0
Suppose 2*c = 3*c + 28. Let l = 14 + c. Let q = 4 - l. What is the units digit of q?
8
Suppose 0 = -4*y + 2*v + 428, -3*y - 4*v + 0*v = -299. Let s = y - -575. What is the units digit of s?
0
Let q(p) = p + 0*p**2 - 2*p**2 + 5*p**2 - 4*p**2. Let y(i) = -7*i**2 - 19*i - 23. Let b(o) = 4*q(o) - y(o). What is the units digit of b(-10)?
3
Let g be (-2)/14*(5 + 2). Let q be (-790)/8 + 2/(-8). Let j = g - q. What is the tens digit of j?
9
Let r be (-15)/(2 + -1 - 322/316). Let f = r + -213. What is the tens digit of f?
7
Let m = 17 - 15. Suppose 1 = 5*p + m*o - 10, -5*o - 22 = -4*p. Suppose t = 5*s - 108, s - p*t = -3*s + 93. What is the tens digit of s?
2
Let i = 106131 + -57354. What is the thousands digit of i?
8
Suppose -64*q + 63786 + 624534 = 0. What is the tens digit of q?
5
Let w be (-65)/((-18)/22 + 4/(-22)). Suppose 2*g = 4*t + 52, 0*t = 3*t + 5*g + w. What is the units digit of 2 + t/7 + (-1686)/(-42)?
0
Suppose 0*h + 2*h + 430 = 0. Let m = h - -315. Let s = 174 - m. What is the units digit of s?
4
Suppose -818*w + 829*w - 49775 = 0. What is the tens digit of w?
2
Suppose 626 = -2*c + 4*y + 3126, 2*y + 6258 = 5*c. What is the thousands digit of c?
1
Suppose 3*u = -4*w + 34, 3*w + 3*u - 16 = 8. Suppose 15*c - 5 = w*c. Suppose 0*r - r = -c, g - 3*r = 113. What is the tens digit of g?
1
Let p(u) be the second derivative of -8*u**3/3 + 15*u**2/2 - 20*u. What is the units digit of p(-14)?
9
Suppose -49*a = -15*a - 1428. Suppose a*x + 11960 = 55*x. What is the units digit of x?
0
Let q(r) = -r**2 - 8*r + 114. Let n be q(-15). Let u = -15 - -55. Let j = u + n. What is the units digit of j?
9
Let w(o) = 3*o + 441. Let b be w(0). Suppose -b - 627 = -6*g. What is the units digit of (0 - (-3)/6)*g?
9
Let h(y) = 7*y**2 + 15*y + 4. Let d be h(-7). Suppose -16*a + 1260 = -11*a + 5*x, 0 = a - x - d. What is the tens digit of a?
4
Let o = 12647 - -49. What is the ten thousands digit of o?
1
Suppose 65552 + 2473278 = 70*s. What is the thousands digit of s?
6
Let c(w) = -5*w - 9. Let r be c(-3). Let t(x) = -5 + x**3 - 5*x + 13*x + 0*x**3 - r*x**2. What is the tens digit of t(6)?
4
Let g(x) be the second derivative of x**5/20 - 19*x**4/12 + 5*x**3/3 - 7*x**2/2 + 42*x. What is the tens digit of g(19)?
8
Let d(g) = g + 17. Let s be d(-15). Let y(t) be the first derivative of 11*t**2 - 15*t + 6. What is the units digit of y(s)?
9
Let i be 2/(2/6 - 1) - 248. Let m = i + 663. What is the units digit of m?
2
Let z = 2928 - 660. What is the units digit of z?
8
Let z = 12 + -17. Let h(a) be the first derivative of 4*a**3/3 + 4*a**2 + 16*a + 8. What is the units digit of h(z)?
6
Let y(z) = -2*z**3 + 29*z**2 + 12*z + 10. Let g be y(15). Suppose 3*f - 139 + 19 = 0. Let p = g + f. What is the units digit of p?
5
Suppose 17*n + 7*n = 96. What is the hundreds digit of (1962/n)/(6 + (-63)/12)?
6
Suppose -5*c + 13 = -17. Let y(h) = 30 + 7 + 7 + 3*h - 4 + h. What is the tens digit of y(c)?
6
Let q = -1262 - -1191. Let t = 51 + -30. Let f = t - q. What is the tens digit of f?
9
Suppose -29 = -7*y + 6. Suppose 2*f - y*n - 3746 = 0, 32*n - 30*n = 5*f - 9386. What is the tens digit of f?
7
Let a be 7/14 + 158/(-4). Let m = a + 43. What is the tens digit of (m + (-120)/(-18))*(-1 - -7)?
6
Let o = -171 + 173. Suppose o*u - 666 = -u. What is the tens digit of u?
2
Let x = -256 + 220. Let y be (-420)/(-3) - 3/3. Let m = y - x. What is the tens digit of m?
7
What is the tens digit of -9 + 1 + (-16)/(-4) + 3406?
0
Let g(j) = j**3 - 3*j**2 - 7*j - 6. Let m be g(5). Suppose -m*a + 11*a = -46. Let v = a - -43. What is the units digit of v?
0
Suppose -p - 5*m = 176, -4*p - 31 - 583 = 2*m. Let q = -318 - p. Let c = -107 - q. What is the tens digit of c?
6
Let l be ((-9)/(-6) + -2)*1540/11. What is the units digit of (534/(-12))/(5/l) + 4?
7
Let n(d) = 4*d - 20. Let b be n(4). Let c(h) = -15*h**2 - 12. Let u(j) = -10*j**2 - 8. Let v(m) = 5*c(m) - 8*u(m). What is the tens digit of v(b)?
8
Let p(x) = 0 - 58*x + 57*x + 4. Let d be p(-9). Suppose 112 = -d*m + 1958. What is the units digit of m?
2
Suppose 23 = v - 49. Suppose -4*h = -h - v. What is the tens digit of h?
2
What is the thousands digit of -14*(-13779)/54*3*2?
1
Let i be -74*(-6)/12 + -7. Suppose -i*l + 2580 = -26*l. What is the tens digit of l?
4
Let b(z) = -z**3 - 15*z**2 + 25*z - 5. Suppose -j - 4*f - 29 = 0, -8*j = -4*j - 2*f + 62. What is the tens digit of b(j)?
4
Let b(k) = -k**3 + 23*k**2 - 43*k + 325. What is the thousands digit of b(15)?
1
Let m be -2*(1 - 0)*(-52 - -48). Suppose 2*l + m = 0, 3*i - 536 = -l + 303. What is the tens digit of i?
8
Suppose -5611 = -5*z - 9*c, -11*c + 6*c = -20. What is the hundreds digit of z?
1
What is the units digit of 27/((-486)/(-12)) + (-20686)/(-3)?
6
Suppose 3*h - 3*z - 26047 + 5191 = 0, -16 = 4*z. What is the hundreds digit of h?
9
Suppose -3*c - 26 = -h + 2*c, -c - 16 = -2*h. Let v(y) = -4*y**2 - y + 5 + 8*y**2 + h*y**2 + 1. What is the tens digit of v(4)?
6
Suppose -6045 = -5*b + 45*w - 50*w, b - 1209 = 3*w. What is the thousands digit of b?
1
Suppose 0 = -3*c + 2*y - 23, -16 = 2*c + 3*y - 4*y. Let p(b) = -2*b**3 - 15*b**2 - 11*b + 41. What is the hundreds digit of p(c)?
3
Let t = 612 - -474. What is the hundreds digit of t?
0
Let z(t) = -20*t**3 - 4*t**2 + 41*t + 486. What is the hundreds digit of z(-9)?
3
Let d(t) = 90*t**3 - 4*t**2 - t. Let g(n) = 181*n**3 - 7*n**2 - 2*n. Let f(b) = -7*d(b) + 4*g(b). Let y be f(1). Let u = 18 + y. What is the tens digit of u?
1
Let i be (-4)/(-14) - (2340/63)/4. Let x(t) = -t**2 - 17*t - 62. What is the tens digit of x(i)?
1
Let s(m) = m**3 + 14*m**2 - 13*m + 36. Let w be s(-15). What is the tens digit of (w + -9)/((-18)/6090)?
1
Let i be 3 + (-4)/12*-3 + -3. What is the units digit of (702 - i)/(4 + -3)?
1
Let y be -10*(5/(-1) + 7). Let v = -18 - y. Let u(d) = 25*d**3 + d**2 + 2*d. What is the tens di